nits digit of q?
4
Let x be ((-6)/6)/(1 - 0). Let h(k) = -6*k**3 + k**2 + 2*k + 1. Let u be h(x). Suppose -3*p + 40 + 3 = 5*z, 0 = 3*z - u. What is the units digit of p?
1
Let u(i) = i**3 - 2*i**2 - 2*i + 2. Let n be u(3). Suppose -3*h - n = 16. Let d(t) = t + 15. What is the units digit of d(h)?
8
Suppose 5 = 2*u - 3. What is the units digit of u?
4
Suppose 2*x + 0*x - 146 = 0. Let w = x - 42. What is the units digit of w?
1
Suppose -2*k - 6 = m - 32, m - 38 = 4*k. What is the tens digit of m?
3
What is the tens digit of -9 + 11 - (-1 - 47)?
5
Let p(z) = z**2 + 30*z + 79. What is the tens digit of p(-29)?
5
Let h be (-52)/(-14) + (-8)/(-28). Suppose -3*n = -4*r + 36, 17 = h*r - 4*n - 15. Suppose 3*d - r = d. What is the units digit of d?
6
Suppose -1254 = -8*v + 18. What is the units digit of v?
9
Let l = 15 + -6. What is the tens digit of 3/(4/(240/l))?
2
Let h = 9 - 16. Let k(r) = -r**2 - 9*r + 5. What is the units digit of k(h)?
9
Let v(s) = -s**3 + 6*s**2 - 4*s - 7. Let a be v(5). Let w be 2 - (8 + 4/a). What is the units digit of (-2)/w - 2/(-4)?
1
Let a = 15 - -25. Let q = a + -24. Suppose -2 = -3*y + q. What is the units digit of y?
6
Let r = -5 + 5. Let l(o) = -o**3 + o**2 + o + 19. What is the tens digit of l(r)?
1
Let c(z) be the first derivative of -z**4/4 - z**3/3 + 6*z - 3. What is the units digit of c(0)?
6
Suppose -4*s = 2*h - h - 279, h = 5*s - 351. What is the tens digit of s?
7
Let k(i) = 9*i - 12. What is the units digit of k(9)?
9
Suppose -k - 4*k + 5 = 0. Let p = 4 - k. What is the units digit of p?
3
Let m(o) = o. Let g(r) = r**2 + 2*r + 9. Let b(i) = g(i) - 3*m(i). Let v be -2 + -2 + 4 - 0. What is the units digit of b(v)?
9
Suppose 4*w = -0*w + 3*q + 13, 4*q + 13 = w. Let v be 5/w*(-124)/(-10). Suppose -3*n = 4*s - n - v, -2*s + 4*n = -36. What is the tens digit of s?
1
Suppose i = 2*x + 7, -3*i + 14 = -x + i. What is the units digit of x + 0 - (-12 - -1)?
9
Let a = 24 - -6. Let g be -1*2 - (18 - 1). Let z = a + g. What is the units digit of z?
1
Let y = 12 - 7. Let v be 10/2 - (0 - 0). Suppose -4*b + 3 = -y*f + 2, -v*b = 4*f - 32. What is the units digit of b?
4
Let x(t) = t**2 - 12*t + 11. Let z be x(11). Suppose -3*d - 6 = -s - z*s, 0 = -5*s - 3*d + 120. What is the tens digit of s?
2
Suppose z - 2 + 0 = 0. Suppose -2*w = -5*b - 9, 3*b - 7*b = z*w. Let d = 10 - w. What is the units digit of d?
8
Suppose 3*h + 12 = 3*k - 6, h + 18 = 4*k. What is the tens digit of (3/(-4))/(k/(-112))?
2
Suppose 2*m = -m + 5*r + 62, r + 70 = 3*m. Suppose -m = -5*k + k + l, -2*k + 18 = l. What is the units digit of k?
7
Suppose p - 5*o - 374 = 0, 2*p - o - 950 = -166. What is the hundreds digit of p?
3
Let i(k) = -4*k. Let v be (-22)/18 + 2/9. Let p be i(v). Suppose -5*l + g + 34 - 5 = 0, p = -g. What is the units digit of l?
5
Suppose -5*s - 1 = 2*w - 7, 0 = 4*s + 3*w - 2. Suppose 2 = s*l + 4. What is the units digit of (1 - 0)*(l + 3)?
2
What is the tens digit of 67 - (-3 + 4 - -3)?
6
What is the units digit of 10 + 5/((-15)/9)?
7
Let t(v) = -3*v - 13. Let u(p) = p + 1. Let b(s) = -t(s) - 4*u(s). Let i be b(7). Suppose -i*x = -2*c + 16, -6*c - 5*x = -c - 20. What is the units digit of c?
6
Suppose -5*d - 5*b + 175 = 0, -2*d - 3*b = 2*b - 73. What is the tens digit of d?
3
Let s be (4/(-6))/((-2)/18). Let x be (10/(-6))/(2/s). Let i = x + 8. What is the units digit of i?
3
Let w = -4 - -10. What is the units digit of w?
6
Let v = 55 - -22. What is the tens digit of v?
7
Let d be ((-1 - -23) + -3)/1. Let z = -11 + d. What is the units digit of z?
8
Suppose -6 + 136 = -5*q. Let d = 49 + q. Let x = 44 - d. What is the tens digit of x?
2
Let w = 7 - 1. Suppose 0*s = -2*s + w. Suppose -4*f + 27 = -5*g, -6*g + 4*g = -s*f + 22. What is the units digit of f?
8
Let f = -23 + 36. What is the tens digit of f?
1
Let t = -109 + 433. What is the tens digit of t?
2
What is the hundreds digit of ((-14988)/(-20))/3 - 3/(-15)?
2
Suppose -t = 3*t - 120. What is the units digit of t?
0
Let k(z) = z**3 - 2*z**3 + 0*z**2 + z + 5*z**2 + 5*z + 5. Let x be k(6). Suppose -3*d - 24 = -2*d - x*h, -h = -5. What is the units digit of d?
1
Let s(g) = 49*g**3 - g**2 + 2*g - 2. What is the tens digit of s(1)?
4
Let r(d) = 3*d**3 + 3*d**2 + 4*d + 7. Let j(w) = 5*w**3 + 4*w**2 + 6*w + 11. Let k(s) = -5*j(s) + 8*r(s). What is the units digit of k(4)?
9
Let c = 62 - -3. What is the units digit of c?
5
Suppose 153 = t + 5*n, -t - 3*n - 441 = -4*t. What is the tens digit of t?
4
Suppose 0*l + 5*l - 15 = 0. Suppose -u - 10 = -l*u. Suppose -2*y + 44 = 4*f, 3*y + u*f - 37 = 2*y. What is the tens digit of y?
1
Let w(c) = -c**2 - 6*c - 1. Let j = 13 + -9. Suppose j*o - 3*o = -5. What is the units digit of w(o)?
4
What is the units digit of (84/(-5))/((-36)/120)?
6
Let x be ((-2 - -1) + 1)/1. Suppose -5*p + 58 - 18 = x. What is the units digit of p?
8
Suppose -5*i = -4*i - 30. What is the units digit of i?
0
Let i(m) = 5*m**2 - 15*m + 19. Let w(x) = 11*x**2 - 31*x + 39. Let c(n) = 13*i(n) - 6*w(n). What is the units digit of c(-10)?
3
Suppose -3*n - 5*o + 556 - 146 = 0, 265 = 2*n + 5*o. Suppose 0 = -4*u - 1 + n. What is the tens digit of u?
3
Let y = 7 - 14. Let t = -3 - y. Let k(c) = -c**3 + 3*c**2 + 4*c + 2. What is the units digit of k(t)?
2
Let h(b) = b**3 + 6*b**2 - 11*b - 8. Let c be h(-7). What is the units digit of (10/c)/((-2)/(-24))?
6
Suppose -3 = -2*g - p, 0 = g + 5*p - 3*p - 3. What is the units digit of g?
1
Let b be (-3)/3*(-28)/4. Suppose -3*u = -83 - b. What is the tens digit of u?
3
What is the hundreds digit of -37*(-4 + -1 + 2)?
1
Suppose b = -3*c + 8, 0*c = 2*c - 3*b + 2. Let z(d) = -c*d - 3 + 5*d + d - 2*d. What is the units digit of z(5)?
7
Suppose 0*o + 550 = 5*o. What is the tens digit of o?
1
Suppose 6*j - 10*j + 264 = 0. What is the tens digit of j?
6
Let b = -18 - -10. What is the units digit of (b/(-1) - -1) + -3?
6
Let u(p) = 2*p**2 + 2*p + 2. Let l be (-2 + 0/(-2))*1. What is the units digit of u(l)?
6
Let g = -14 + 20. Suppose -4*t - 2 = -g. What is the units digit of -3 - (t - -32)/(-3)?
8
Let y be (-8)/(-1 - (-3)/2). Let n be y/(-3) - 6/(-9). Suppose -4*r + 3*b = -22, 4*b + n = r + r. What is the units digit of r?
7
Let d be (-45)/6*2/(-3). Suppose -d*a + 0*a = -15. Suppose -a*q = -37 - 20. What is the units digit of q?
9
Let r(z) = -z**2 - 11*z - 1. Let m = 7 - 16. What is the units digit of r(m)?
7
Let a = 42 + -24. What is the tens digit of a?
1
Let v be (0 - -1)*(-11 - -5). Let a be v/(-3)*(-54)/(-4). What is the tens digit of 2/9 + 453/a?
1
Let h(q) = q**3 + 3*q**2 - 2*q + 3. Let t be (0/1 + -1)*3. Let z be h(t). Suppose -2*o = -a + z, -5*o = -a + 16 - 4. What is the units digit of a?
7
Let y(x) = x - 8. Let r(q) = -2. Let t(c) = -7*r(c) + 2*y(c). What is the units digit of t(3)?
4
Let b = 528 - 348. What is the units digit of b?
0
Let j(x) = -3 + x**3 + 0 - 2*x**2 - 2*x**2. Let u be j(4). What is the units digit of 3 - (u + 2 + 0)?
4
Let v(z) = z + 3. Let r be v(-3). Suppose r = y + 6 - 15. What is the units digit of y?
9
Suppose 0 = -2*o - 8, 2*o = -2*h + 4*o + 448. What is the tens digit of h?
2
Suppose 84 = 2*d - r, 0 = -d + 2*d - 3*r - 37. What is the tens digit of d?
4
Let p(x) be the first derivative of -x**3/3 + 2*x**2 + 7*x + 3. What is the units digit of p(5)?
2
Suppose -3*q + 158 = q + 2*z, 0 = 3*q + 4*z - 106. What is the tens digit of q?
4
Let k be (2/2*-1)/(-1). Let p = 107 + -104. What is the units digit of k/(32/(-11) + p)?
1
Let j(x) = 9*x + 1. Let a be j(1). Let y = 5 - a. What is the tens digit of (95/(-2))/y*2?
1
Suppose 3*v = -2*x + 8, -x - v + 6*v = -4. Suppose -4*o = -x*u + 28, 2*u + 9 = 4*u - o. Suppose 3*i = u*i + 10. What is the tens digit of i?
1
Suppose g = 1 + 2. Let r = 4 - g. What is the units digit of r?
1
Let f = 107 - 73. What is the units digit of f?
4
Suppose 0 = o - 15 - 219. What is the units digit of o?
4
What is the tens digit of ((-6)/(-3))/(-4)*-40?
2
Let u(t) = -16*t. Let a be u(-1). Suppose 26 + 0 = q. Let o = q - a. What is the tens digit of o?
1
Let z(p) = -2*p + 1. Let c be z(6). Let k = 30 + c. What is the tens digit of k?
1
Let a be 3 + 1 - (2 + -1). Suppose -6 = -0*y - a*y. What is the units digit of y?
2
Suppose 2*c + 4*s = 8, 0 = 6*s - 4*s. Suppose 0 = 3*x - 6, 0 = -c*q - x + 24 + 10. 